{"id":438,"date":"2011-12-02T16:02:27","date_gmt":"2011-12-02T15:02:27","guid":{"rendered":"http:\/\/heinlmeier.he.funpic.de\/?page_id=438"},"modified":"2012-02-07T20:10:59","modified_gmt":"2012-02-07T19:10:59","slug":"sigma-mirage-evo-evo-x","status":"publish","type":"page","link":"https:\/\/heinlmeier.lima-city.de\/?page_id=438","title":{"rendered":"Sigma Mirage Evo\/ Evo X"},"content":{"rendered":"<p>Um im Winter auch entsprechend viele Kilometer am Rad zur\u00fcck legen zu k\u00f6nnen, bleibt einem entweder der Heimtrainer, was extrem Langweilig ist, oder die Nachtfahrt. Bei ertr\u00e4glichen Au\u00dfentemperaturen und der motivierenden Unterst\u00fctzung eines oder mehrerer Gleichgesinnter bringt die Nachtfahrt deutlich mehr Spa\u00df. Zu diesem Zweck ist neben der richtigen Kleidung auch die Beleuchtung erforderlich.<br \/>\nDas Komplettset der Sigma Mirage Evo\/ Evo X besteht aus der 5 Watt und 20 LUX hellen Mirage Evo und dem Zusatzscheinwerfer Mirage Evo X mit 10 Watt und 60 LUX. Die NIPACK\u00b4s sind NiMH Akkus und reichen bei der Mirage Evo f\u00fcr 3,5h und bei der Evo X f\u00fcr 2h. Mit im Lieferumfang enthalten sind Vorbauhalterung &#8222;T-Bone&#8220;, Akku, Y-Adapter und Helmhalterung. Bei l\u00e4ngeren Ausfahrten und der Verwendung beider Lampen, je eine am Lenker und Helm, sollten auch zwei Nipack\u00b4s verwendet werden.<\/p>\n<p><a href=\"http:\/\/heinlmeier.lima-city.de\/wp-content\/uploads\/2011\/12\/Sigma_Mirage_Evo.jpg\"><img loading=\"lazy\" src=\"http:\/\/heinlmeier.lima-city.de\/wp-content\/uploads\/2011\/12\/Sigma_Mirage_Evo.jpg\" alt=\"\" title=\"Sigma_Mirage_Evo\" width=\"300\" height=\"269\" class=\"alignnone size-full wp-image-439\" \/><\/a><\/p>\n","protected":false},"excerpt":{"rendered":"<p>Um im Winter auch entsprechend viele Kilometer am Rad zur\u00fcck legen zu k\u00f6nnen, bleibt einem entweder der Heimtrainer, was extrem Langweilig ist, oder die Nachtfahrt. Bei ertr\u00e4glichen Au\u00dfentemperaturen und der motivierenden Unterst\u00fctzung eines oder mehrerer Gleichgesinnter bringt die Nachtfahrt deutlich &hellip; <a href=\"https:\/\/heinlmeier.lima-city.de\/?page_id=438\">Weiterlesen <span class=\"meta-nav\">&rarr;<\/span><\/a><\/p>\n","protected":false},"author":1,"featured_media":0,"parent":84,"menu_order":7,"comment_status":"closed","ping_status":"closed","template":"","meta":[],"_links":{"self":[{"href":"https:\/\/heinlmeier.lima-city.de\/index.php?rest_route=\/wp\/v2\/pages\/438"}],"collection":[{"href":"https:\/\/heinlmeier.lima-city.de\/index.php?rest_route=\/wp\/v2\/pages"}],"about":[{"href":"https:\/\/heinlmeier.lima-city.de\/index.php?rest_route=\/wp\/v2\/types\/page"}],"author":[{"embeddable":true,"href":"https:\/\/heinlmeier.lima-city.de\/index.php?rest_route=\/wp\/v2\/users\/1"}],"replies":[{"embeddable":true,"href":"https:\/\/heinlmeier.lima-city.de\/index.php?rest_route=%2Fwp%2Fv2%2Fcomments&post=438"}],"version-history":[{"count":1,"href":"https:\/\/heinlmeier.lima-city.de\/index.php?rest_route=\/wp\/v2\/pages\/438\/revisions"}],"predecessor-version":[{"id":588,"href":"https:\/\/heinlmeier.lima-city.de\/index.php?rest_route=\/wp\/v2\/pages\/438\/revisions\/588"}],"up":[{"embeddable":true,"href":"https:\/\/heinlmeier.lima-city.de\/index.php?rest_route=\/wp\/v2\/pages\/84"}],"wp:attachment":[{"href":"https:\/\/heinlmeier.lima-city.de\/index.php?rest_route=%2Fwp%2Fv2%2Fmedia&parent=438"}],"curies":[{"name":"wp","href":"https:\/\/api.w.org\/{rel}","templated":true}]}}