{"id":443,"date":"2011-12-02T16:27:54","date_gmt":"2011-12-02T15:27:54","guid":{"rendered":"http:\/\/heinlmeier.he.funpic.de\/?page_id=443"},"modified":"2012-11-13T13:01:25","modified_gmt":"2012-11-13T12:01:25","slug":"magicshine-mj-872","status":"publish","type":"page","link":"https:\/\/heinlmeier.lima-city.de\/?page_id=443","title":{"rendered":"Magicshine MJ-872"},"content":{"rendered":"<p>Die richtige Lampe f\u00fcr den Helm zu finden war nicht so einfach. Sie sollte leichter sein und einen gr\u00f6\u00dferen Abstrahlwinkel haben als die Sigma Powerled Evo. Da ich die Lampe am Helm auch nur einschalte wenn ich sie brauche, muss diese einfach und schnell zu bedienen sein. Die Leuchtkraft und Dauer solle zumindest auf gleichem Niveau sein, um sie im Notfall als Ersatz verwenden zu k\u00f6nnen. Und Preis\/Leistung muss nat\u00fcrlich auch passen. Die MJ-872 erf\u00fcllt alle Voraussetzungen. Da sie \u00fcber zwei Tasten verf\u00fcgt mit denen man die 4 Leuchtstufen hoch und runter schalten kann, entf\u00e4llt das l\u00e4stige Durchschalten. Beim Einschalten reicht einmal dr\u00fccken der oberen Taste f\u00fcr maximale und einmal die untere Taste f\u00fcr minimale Leuchtkraft. Im direkten Vergleich zur Powerled Evo ist die MJ-872 gleich hell und leuchtet auch gleich weit, nur eben in einem deutlich gr\u00f6\u00dferen Winkel. Einen Testbericht gibt es auf <a title=\"YouTube\" href=\"http:\/\/youtu.be\/Ujqx2rY4gYg\" target=\"_blank\">YouTube<\/a><\/p>\n<p><a href=\"http:\/\/heinlmeier.lima-city.de\/wp-content\/uploads\/2011\/12\/Magicshine-MJ-872.jpg\"><img loading=\"lazy\" class=\"alignnone size-full wp-image-446\" title=\"Magicshine-MJ-872\" src=\"http:\/\/heinlmeier.lima-city.de\/wp-content\/uploads\/2011\/12\/Magicshine-MJ-872.jpg\" alt=\"\" width=\"750\" height=\"563\" srcset=\"https:\/\/heinlmeier.lima-city.de\/wp-content\/uploads\/2011\/12\/Magicshine-MJ-872.jpg 750w, https:\/\/heinlmeier.lima-city.de\/wp-content\/uploads\/2011\/12\/Magicshine-MJ-872-300x225.jpg 300w\" sizes=\"(max-width: 750px) 100vw, 750px\" \/><\/a><br \/>\n<a href=\"http:\/\/heinlmeier.lima-city.de\/wp-content\/uploads\/2011\/12\/Mj872.jpg\"><img loading=\"lazy\" src=\"http:\/\/heinlmeier.lima-city.de\/wp-content\/uploads\/2011\/12\/Mj872.jpg\" alt=\"\" title=\"Mj872\" width=\"800\" height=\"600\" class=\"aligncenter size-full wp-image-791\" srcset=\"https:\/\/heinlmeier.lima-city.de\/wp-content\/uploads\/2011\/12\/Mj872.jpg 800w, https:\/\/heinlmeier.lima-city.de\/wp-content\/uploads\/2011\/12\/Mj872-300x225.jpg 300w\" sizes=\"(max-width: 800px) 100vw, 800px\" \/><\/a><\/p>\n","protected":false},"excerpt":{"rendered":"<p>Die richtige Lampe f\u00fcr den Helm zu finden war nicht so einfach. Sie sollte leichter sein und einen gr\u00f6\u00dferen Abstrahlwinkel haben als die Sigma Powerled Evo. Da ich die Lampe am Helm auch nur einschalte wenn ich sie brauche, muss &hellip; <a href=\"https:\/\/heinlmeier.lima-city.de\/?page_id=443\">Weiterlesen <span class=\"meta-nav\">&rarr;<\/span><\/a><\/p>\n","protected":false},"author":1,"featured_media":0,"parent":84,"menu_order":9,"comment_status":"closed","ping_status":"closed","template":"","meta":[],"_links":{"self":[{"href":"https:\/\/heinlmeier.lima-city.de\/index.php?rest_route=\/wp\/v2\/pages\/443"}],"collection":[{"href":"https:\/\/heinlmeier.lima-city.de\/index.php?rest_route=\/wp\/v2\/pages"}],"about":[{"href":"https:\/\/heinlmeier.lima-city.de\/index.php?rest_route=\/wp\/v2\/types\/page"}],"author":[{"embeddable":true,"href":"https:\/\/heinlmeier.lima-city.de\/index.php?rest_route=\/wp\/v2\/users\/1"}],"replies":[{"embeddable":true,"href":"https:\/\/heinlmeier.lima-city.de\/index.php?rest_route=%2Fwp%2Fv2%2Fcomments&post=443"}],"version-history":[{"count":3,"href":"https:\/\/heinlmeier.lima-city.de\/index.php?rest_route=\/wp\/v2\/pages\/443\/revisions"}],"predecessor-version":[{"id":792,"href":"https:\/\/heinlmeier.lima-city.de\/index.php?rest_route=\/wp\/v2\/pages\/443\/revisions\/792"}],"up":[{"embeddable":true,"href":"https:\/\/heinlmeier.lima-city.de\/index.php?rest_route=\/wp\/v2\/pages\/84"}],"wp:attachment":[{"href":"https:\/\/heinlmeier.lima-city.de\/index.php?rest_route=%2Fwp%2Fv2%2Fmedia&parent=443"}],"curies":[{"name":"wp","href":"https:\/\/api.w.org\/{rel}","templated":true}]}}