{"id":624,"date":"2012-03-05T22:47:45","date_gmt":"2012-03-05T21:47:45","guid":{"rendered":"http:\/\/heinlmeier.lima-city.de\/?page_id=624"},"modified":"2012-03-08T21:17:07","modified_gmt":"2012-03-08T20:17:07","slug":"granitbeisser-2010","status":"publish","type":"page","link":"https:\/\/heinlmeier.lima-city.de\/?page_id=624","title":{"rendered":"Granitbeisser 2010"},"content":{"rendered":"<p>Die Fun Strecke vom Granitbeisser 2010 mit 17km und 550hm ist die perfekte Vorlage f\u00fcr mein n\u00e4chstes Video.<br \/>\n<iframe loading=\"lazy\" width=\"640\" height=\"360\" src=\"http:\/\/www.youtube.com\/embed\/5TdaFH_lXRQ\" frameborder=\"0\" allowfullscreen><\/iframe><br \/>\nDas original Video dauert knapp eine Stunde, um diesmal aber eine bessere Qualit\u00e4t zu zeigen habe ich es auf 15 Minuten zusammen geschnitten.<\/p>\n","protected":false},"excerpt":{"rendered":"<p>Die Fun Strecke vom Granitbeisser 2010 mit 17km und 550hm ist die perfekte Vorlage f\u00fcr mein n\u00e4chstes Video. Das original Video dauert knapp eine Stunde, um diesmal aber eine bessere Qualit\u00e4t zu zeigen habe ich es auf 15 Minuten zusammen &hellip; <a href=\"https:\/\/heinlmeier.lima-city.de\/?page_id=624\">Weiterlesen <span class=\"meta-nav\">&rarr;<\/span><\/a><\/p>\n","protected":false},"author":1,"featured_media":0,"parent":32,"menu_order":2,"comment_status":"closed","ping_status":"closed","template":"","meta":[],"_links":{"self":[{"href":"https:\/\/heinlmeier.lima-city.de\/index.php?rest_route=\/wp\/v2\/pages\/624"}],"collection":[{"href":"https:\/\/heinlmeier.lima-city.de\/index.php?rest_route=\/wp\/v2\/pages"}],"about":[{"href":"https:\/\/heinlmeier.lima-city.de\/index.php?rest_route=\/wp\/v2\/types\/page"}],"author":[{"embeddable":true,"href":"https:\/\/heinlmeier.lima-city.de\/index.php?rest_route=\/wp\/v2\/users\/1"}],"replies":[{"embeddable":true,"href":"https:\/\/heinlmeier.lima-city.de\/index.php?rest_route=%2Fwp%2Fv2%2Fcomments&post=624"}],"version-history":[{"count":3,"href":"https:\/\/heinlmeier.lima-city.de\/index.php?rest_route=\/wp\/v2\/pages\/624\/revisions"}],"predecessor-version":[{"id":657,"href":"https:\/\/heinlmeier.lima-city.de\/index.php?rest_route=\/wp\/v2\/pages\/624\/revisions\/657"}],"up":[{"embeddable":true,"href":"https:\/\/heinlmeier.lima-city.de\/index.php?rest_route=\/wp\/v2\/pages\/32"}],"wp:attachment":[{"href":"https:\/\/heinlmeier.lima-city.de\/index.php?rest_route=%2Fwp%2Fv2%2Fmedia&parent=624"}],"curies":[{"name":"wp","href":"https:\/\/api.w.org\/{rel}","templated":true}]}}